ime number?
False
Suppose 0*n + 3*n + 9 = 0. Let t(d) = -18*d - 1. Is t(n) a prime number?
True
Suppose -5*a - 2 = -3*c - 278, -2*a = 5*c - 129. Is a a prime number?
False
Let w = 300 + -137. Is w prime?
True
Let g(v) = 8*v + 8. Let w be g(-6). Let s = 155 + w. Suppose 3*x - 2*u = -0*x + s, -u = 3*x - 109. Is x composite?
False
Suppose -3*k - 5*a - 11 = -a, 0 = 3*k - 2*a - 1. Let n(h) = -4*h**3 - 5*h**2 + h + 5. Let l be n(-4). Is (l/6)/(k/(-2)) prime?
True
Suppose 3*n = -18 - 3. Is n/((9/21)/(-3)) a composite number?
True
Suppose f + 15738 = 5*f + 2*h, 5*f + 4*h = 19671. Is f prime?
False
Suppose 6*g = 2*g. Suppose l = -g*l + 235. Is l a composite number?
True
Let d(i) = -i**3 + 5*i**2 + 5*i + 1. Let y be d(8). Let m = -74 - y. Is m composite?
True
Let o = -86 + 145. Let u = o - -68. Is u a prime number?
True
Let b(g) = g**2 + 157. Is b(0) prime?
True
Suppose 3*h - 253 = -5*b + 214, 0 = 2*b - 5*h - 162. Is b a composite number?
True
Let c be 1952/(-6) + (-2)/3. Is (2 + -3)/(2/c) prime?
True
Suppose -f = -0*f + d - 28, -5*f - d + 120 = 0. Suppose 5*y - f = -s + 2*s, 0 = y - 5. Is 47 + s + 2*-1 prime?
True
Suppose 0*g - 2*g = -4. Let j(h) = -4*h**3 + 12*h - 2. Let b(t) = 3*t**3 - t**2 - 11*t + 3. Let a(r) = g*j(r) + 3*b(r). Is a(6) prime?
True
Let c = -1 - 3. Suppose 3*s - 4*w + 10 = -4, -3*s = 5*w - 4. Is s/c*2*113 a composite number?
False
Let y = -17 - -4. Let z = 84 + y. Is z a prime number?
True
Let y = 1708 + 31. Is y prime?
False
Suppose 80 - 1462 = -2*r. Is r a composite number?
False
Let f be (-1474)/(-14) + (-10)/35. Suppose -2*g - g = -f. Is (-4)/(-5)*g/2 composite?
True
Let h(n) = -240*n**3 - 2*n**2 + 1. Is h(-1) a composite number?
False
Suppose 0*o + o = 4*c + 51, -3*o + 133 = -2*c. Is o a prime number?
True
Let a(s) = s**3 + 15*s**2 + 13*s + 15. Is a(-12) composite?
True
Let t(d) be the third derivative of -d**6/60 - 5*d**4/24 + d**3/6 + 3*d**2. Is t(-4) composite?
False
Suppose -8*n + 2524 = -108. Is n composite?
True
Let f(x) = -2*x**3 + 2*x**2 + 2*x + 1. Let r be f(-1). Suppose -4*q + 13 = 5*w, -w - 4 = 2*q - r. Suppose 10*k - w*k = 95. Is k prime?
True
Suppose -3*q = -6*q. Suppose 3*r = 5*k + 217, q*r - 391 = -5*r + k. Is r a prime number?
True
Suppose -f - 3*b = -2*b - 9029, 2*f - 3*b = 18078. Is f composite?
True
Suppose -5*y = 12 + 3. Is ((-2)/y)/((-8)/(-444)) prime?
True
Let g(n) = n**3 - 4*n**2 - 4*n + 1. Let k be ((-2)/(-5))/((-2)/(-20)). Let c be g(k). Is (c*2)/(-2) + 0 composite?
True
Is (-28)/(2/1)*331/(-2) a composite number?
True
Let l = 227 - -924. Is l a composite number?
False
Suppose -3*w - 48 = -w - 3*b, -2*w - 5*b = 64. Let l = -21 - w. Is l a prime number?
False
Suppose -n = 0, 0 = -4*x - 2*n - 60 + 20. Let m(d) = 20*d**2 + 1. Let i be m(-1). Let f = i - x. Is f prime?
True
Let j(v) = v + 11. Let r be j(-9). Suppose -3*b + 3*q + 957 = 0, 2*b - 130 = -5*q + 522. Suppose r*o = 1 + b. Is o prime?
False
Suppose -4*f - 2*a + 262 = a, -124 = -2*f - 5*a. Suppose 2*k + 1 = f. Is k a prime number?
False
Is (-1)/(902/(-7088) + (-9)/(-72)) composite?
False
Let d(b) = 22*b. Let z be d(1). Suppose 6 = q + q, 0 = 5*x - q - z. Is 6/x*(-385)/(-14) prime?
False
Is (-1 - -1) + -1 - -522*1 prime?
True
Let l(k) = -22*k. Suppose 2*a + 0 = -2. Let n be l(a). Suppose 3*z - 107 = -5*v, 2*z + n = 2*v - 2*z. Is v a prime number?
True
Suppose 7*l + 3245 = 12*l. Is l composite?
True
Let j = -7 - -10. Suppose -o = h - 206, j*h - h + 10 = 0. Is o a prime number?
True
Let v(u) = -76*u + 13. Is v(-4) prime?
True
Let b(q) = -11*q + 9. Let a be b(-8). Let l = -128 + 88. Let o = l + a. Is o prime?
False
Let d = 84 - 30. Suppose -3*s + d + 3 = 0. Is s a composite number?
False
Let i(q) = -12*q - 1. Is i(-4) composite?
False
Let t(n) = n + 10. Let p be t(-10). Suppose p = z + z - 1778. Is z prime?
False
Is 38*(3/(-4)*-70 - 2) a prime number?
False
Suppose -5*a = -2*o + 609, 0*a + 616 = 2*o + 2*a. Is o prime?
True
Suppose 4*q - 3*g - 3239 = -0*q, -5*q = 5*g - 4040. Is q a composite number?
False
Is ((-1)/(-4))/((-2)/(-712)) prime?
True
Let r(u) = u**2 + 3*u - 2. Let t be r(1). Suppose -6*f + 1587 = -f - 4*m, 4 = t*m. Is f composite?
True
Let k be (27/4)/(2/8). Suppose -t - 3*a + k = 2*t, a = -3*t + 17. Suppose 8 = -4*b, -7 = 5*d + t*b - 184. Is d composite?
False
Is (-2)/6*(0 + -153) prime?
False
Let s(p) = -p**3 + 3*p**2 - 6*p + 10. Let w be s(7). Let x = w + 521. Is x a composite number?
False
Let b = 13 + -9. Suppose -70 = -b*j - j. Is j a composite number?
True
Let o be (-2)/2 + -1 - -4. Suppose -2*f = -3*u + o, -4*u - 5*f + 36 = -f. Suppose -4*k = 3*p - 13, u*p + 12 = 2*k - 0*k. Is k a composite number?
True
Suppose 0*j - 654 = -2*j. Is j composite?
True
Suppose 154*r + 5649 = 157*r. Is r a prime number?
False
Let j = 2303 + -582. Is j a prime number?
True
Let n(u) = 2*u - 1. Let d be n(3). Suppose f = -d*p + 10 - 3, -2*p + 4 = f. Suppose -r = -3*r - f*l + 50, 2*r - 5*l = 50. Is r composite?
True
Let a(y) = -y**3 + 5*y**2 + 7*y - 1. Let m be a(6). Suppose 2 = z + 6, m*f = -4*z + 149. Is f a composite number?
True
Let v = 18 - 18. Suppose v = 11*b - 8*b - 447. Is b a prime number?
True
Suppose -2*i = -508 + 194. Is i a composite number?
False
Let r = 796 - 295. Is (r/6)/((-2)/(-4)) a prime number?
True
Let r = -12 + 17. Suppose d = 6*d + r. Let i(q) = 235*q**2 - q - 1. Is i(d) composite?
True
Let v = -7 + 9. Suppose 0*n + 274 = 4*t - v*n, 4*n = -2*t + 142. Is t composite?
True
Let p(l) = -l**3 - 3*l**2 - 2*l - 2. Let a be p(-2). Let i = a - -1. Is i/2 - 71/(-2) composite?
True
Let f(s) = -s**3 - 10*s**2 - 12*s - 8. Is f(-9) a prime number?
True
Suppose 4*b + t - 655 = 0, -2*t + 332 = b + b. Let o be 2/(-8) + (1 - 3/4). Suppose -3*w - w - 2*u + 652 = o, -w + b = 5*u. Is w composite?
False
Let k(p) be the first derivative of 2*p**3/3 + 5*p**2/2 + 2*p + 4. Let o be k(-3). Suppose -56 + 1 = -o*y. Is y prime?
True
Let n(c) = 27*c - 34. Is n(11) composite?
False
Let z(i) = i**3 - 21*i**2 - 34*i - 9. Is z(26) a prime number?
False
Let v = 24 - -142. Let d = v - 107. Is d prime?
True
Suppose -2*s - 10 = 0, -3*y + s - 3*s = -1559. Let j = 830 - y. Is j a composite number?
False
Let j be 0*(1/2)/(-1). Suppose j = k + 2*u - 119, -2*k + 3*u = -0*k - 224. Is k composite?
True
Suppose -2*x - 599 = -5*g, g + g = -4*x + 254. Is g a composite number?
True
Let b(g) be the first derivative of g**3 - 2*g**2 - g + 2. Is b(3) a prime number?
False
Suppose v - 3 = 146. Is v prime?
True
Suppose 15 = -s - 14. Let o = s + 52. Is o composite?
False
Suppose k = 3*k. Suppose k*m + 2*m + 2 = 0. Let l(w) = 48*w**2 - w. Is l(m) composite?
True
Let g(n) = -n**3 + 7*n**2 + 9*n - 2. Let u be g(8). Let i = u + 1. Is i composite?
False
Let w(f) = -7*f + 2. Let j = 12 - 15. Is w(j) a composite number?
False
Let d(i) = 2*i**3 - 3*i**2 + 2*i - 3. Let j be d(2). Suppose 0 = 5*w - 5*p - 195, 4*p = -j*w + 2*p + 223. Is w composite?
False
Let k(d) = -d**3 + 6*d**2 - 4. Let i be k(6). Is (-145)/(-3) + i/(-6) a composite number?
True
Let m = -1688 + 2431. Is m composite?
False
Suppose 0*x - 132 = -5*x + 3*l, -31 = -x - 4*l. Suppose -291 = -2*t + x. Is t composite?
True
Let n(p) = -57*p + 8. Is n(-5) prime?
True
Let c = -6 - -11. Suppose 0*d + 205 = c*d. Suppose -5*n - 4*w + d = -2*w, 3*w = -4*n + 37. Is n prime?
True
Let k(v) = 3*v**2 + 2*v - 3. Let b be ((-5)/3)/((-5)/30). Suppose 30 = 4*x + b. Is k(x) a prime number?
False
Suppose -3*k + 516 = -21. Is k a prime number?
True
Is 175 + (-1)/(3/(-6)) a prime number?
False
Let u(m) = 3*m**2 + 31*m + 79. Is u(-23) prime?
True
Suppose 20*l - 11207 = 69893. Is l a composite number?
True
Suppose 164 = 2*x - 3*j + 30, -3*j = 0. Is x prime?
True
Let j(a) = 2*a**2 - 5*a + 6. Let d be j(4). Suppose 5*v - 3*f - 68 = 0, 102 - d = 5*v + f. Is (v - (-2 + 0)) + 1 a composite number?
False
Let j(f) = f**2 - 7. Let w be -7*(6/(-3) - -1). Suppose -3*z = -2*v - w, 4*v - v - 3*z = -15. Is j(v) a composite number?
True
Suppose -5*r = 3*b - 72 - 362, 3*r = 3. Is b prime?
False
Is 474/(-9)*(4 + 34/(-4)) a prime number?
False
Suppose 0*p = -3*p + 162. Let u = -31 + p. Is u prime?
True
Let r be (-14)/(-35) - 136/(-10). Let l be (-8)/(-28) + 514/r. Let p = 72 - l. Is p a composite number?
True
Suppose -d = 2*d + 15. Let i = 1 + d. Is 170/i*(-8)/10 a composit